3?
False
Does 32 divide 587501792?
True
Is 1054291 a multiple of 23?
False
Is 2268 a factor of 109689552?
True
Does 32 divide 105493313?
False
Does 26 divide 27446484?
True
Does 373 divide 5527868943?
False
Is 150729692 a multiple of 117?
False
Does 5149 divide 3745078809?
True
Does 231 divide 120082079?
False
Is 251 a factor of 1702245354?
True
Does 25 divide 1182952305?
False
Is 3443 a factor of 21228380?
False
Is 26363960 a multiple of 49?
True
Is 1938607 a multiple of 118?
False
Does 472 divide 114105528?
True
Is 482 a factor of 59126940?
True
Is 69940260 a multiple of 702?
True
Is 1509 a factor of 39016704?
True
Does 2369 divide 190992936?
False
Is 418145481 a multiple of 153?
True
Is 258961856 a multiple of 64?
True
Is 55955960 a multiple of 292?
True
Is 1716 a factor of 286626801?
False
Is 17 a factor of 550384606?
False
Does 631 divide 156139448?
False
Is 353 a factor of 403151416?
True
Does 14 divide 36522464?
False
Does 8 divide 256025404?
False
Is 533750780 a multiple of 88?
False
Does 473 divide 750385174?
True
Does 88 divide 8785117?
False
Is 22 a factor of 1318242464?
True
Does 27 divide 19469970?
True
Is 2759 a factor of 82638381?
False
Is 12338976 a multiple of 52?
True
Does 199 divide 324907101?
True
Does 33 divide 309935?
False
Is 128 a factor of 39158250?
False
Is 20 a factor of 9314600?
True
Does 946 divide 384976519?
False
Does 532 divide 485986285?
False
Does 82 divide 88092846?
True
Does 78 divide 2921566362?
True
Is 4971552 a multiple of 355?
False
Is 59454021 a multiple of 8?
False
Is 377 a factor of 16071510?
True
Is 2981 a factor of 128292393?
False
Is 13 a factor of 756355353?
True
Is 903152752 a multiple of 47?
True
Is 522 a factor of 180990309?
False
Does 18 divide 651877003?
False
Is 68 a factor of 253583016?
True
Is 32 a factor of 2885857047?
False
Does 2420 divide 114409667?
False
Is 730640110 a multiple of 10?
True
Is 174 a factor of 114447558?
False
Is 7092 a factor of 2182024008?
True
Is 321 a factor of 480449690?
False
Does 6 divide 299389?
False
Does 124 divide 2819758512?
True
Does 158 divide 38890609?
False
Does 708 divide 75669981?
False
Does 2 divide 114414?
True
Is 59 a factor of 1827244074?
False
Does 24 divide 54163075?
False
Is 6 a factor of 480491495?
False
Is 7433136 a multiple of 29?
False
Is 973647758 a multiple of 3554?
False
Does 59 divide 644550279?
True
Is 307 a factor of 5360237?
False
Is 54590247 a multiple of 1173?
True
Is 1121 a factor of 313320621?
True
Is 69 a factor of 1495155273?
True
Does 42 divide 72630936?
True
Is 14989594 a multiple of 513?
False
Does 2145 divide 92250606?
False
Does 395 divide 27132945?
True
Does 430 divide 6710363?
False
Does 8 divide 192356?
False
Is 1850351495 a multiple of 2280?
False
Is 294349824 a multiple of 2624?
True
Does 2367 divide 19383363?
True
Is 230 a factor of 2144204900?
True
Is 1943 a factor of 445631702?
False
Does 37 divide 30228445?
True
Is 237 a factor of 3478412502?
True
Does 404 divide 2026619540?
True
Is 293 a factor of 4672282170?
False
Does 159 divide 669966284?
False
Is 38018848 a multiple of 14?
True
Is 109471928 a multiple of 19?
False
Does 164 divide 6213503260?
True
Is 10 a factor of 305268000?
True
Is 42510549 a multiple of 277?
False
Is 27 a factor of 49478850?
True
Is 197 a factor of 107150664?
True
Is 423963336 a multiple of 331?
True
Does 5 divide 68134272?
False
Does 42 divide 90171620?
False
Is 158058049 a multiple of 381?
False
Does 97 divide 27321893?
True
Does 23 divide 12104883?
False
Does 68 divide 27852732?
True
Is 30241776 a multiple of 204?
True
Is 179207325 a multiple of 13057?
True
Does 71 divide 80230852?
True
Is 1678 a factor of 175211726?
True
Is 58137297 a multiple of 2034?
False
Does 10 divide 89898030?
True
Does 57 divide 504561663?
True
Is 619678921 a multiple of 3106?
False
Does 334 divide 2112598764?
True
Does 122 divide 1697061424?
False
Is 7 a factor of 20189941?
False
Is 84551061 a multiple of 4?
False
Does 1845 divide 1262539035?
True
Is 6514771 a multiple of 677?
True
Does 32 divide 22957491?
False
Is 389546746 a multiple of 1110?
False
Is 5557 a factor of 36372173?
False
Is 2641873 a multiple of 91?
False
Is 70 a factor of 14657650?
True
Is 3077 a factor of 156785458?
True
Is 4 a factor of 839091842?
False
Is 2949095912 a multiple of 932?
True
Does 71 divide 607179905?
False
Does 201 divide 93023403?
True
Is 4862 a factor of 18845123?
False
Is 18166940 a multiple of 484?
True
Is 12731165 a multiple of 343?
False
Is 2408 a factor of 505947288?
True
Is 65291600 a multiple of 38?
True
Is 1694009858 a multiple of 3669?
False
Is 493 a factor of 46573710?
True
Does 490 divide 17150?
True
Is 8434302 a multiple of 564?
False
Does 2 divide 11136321?
False
Is 9600340 a multiple of 4?
True
Is 13 a factor of 251437472?
True
Is 10 a factor of 3882047035?
False
Does 14 divide 75591003?
False
Is 10735821 a multiple of 4?
False
Is 834089 a multiple of 353?
False
Does 79 divide 57705575?
False
Is 8865 a factor of 500358330?
True
Does 4341 divide 1802474?
False
Does 1278 divide 886023546?
False
Does 28 divide 5175679?
False
Does 18 divide 8625892?
False
Is 44185500 a multiple of 20?
True
Does 4413 divide 419927841?
True
Does 4836 divide 833590992?
True
Is 2733075 a multiple of 9?
True
Is 10 a factor of 178581112?
False
Is 109997640 a multiple of 10?
True
Does 10 divide 212520?
True
Is 7 a factor of 19123454?
True
Does 3201 divide 6645440?
False
Is 63338396 a multiple of 22?
True
Is 4324619 a multiple of 107?
True
Is 391410 a multiple of 17?
False
Does 7 divide 7619066?
True
Is 1362007 a multiple of 2763?
False
Is 5176256 a multiple of 16?
True
Is 3123 a factor of 388874866?
False
Is 82625062 a multiple of 598?
True
Is 6 a factor of 381782910?
True
Is 238423817 a multiple of 1134?
False
Does 31 divide 83777674?
False
Is 6 a factor of 1170626067?
False
Does 28 divide 2772355408?
False
Is 22 a factor of 802806334?
True
Does 249 divide 5769579?
True
Is 25 a factor of 121133938?
False
Is 13480800 a multiple of 10?
True
Is 293397623 a multiple of 67?
True
Is 16757916 a multiple of 84?
True
Is 6893325 a multiple of 522?
False
Is 305 a factor of 381030406?
False
Does 3061 divide 740511785?
False
Is 19366692 a multiple of 62?
True
Does 27 divide 206214978?
False
Does 701 divide 5014184785?
False
Is 445014966 a multiple of 16?
False
Is 2794779712 a multiple of 16?
True
Is 252 a factor of 287475300?
True
Does 21 divide 14417206?
False
Is 12575520 a multiple of 120?
True
Is 387970674 a multiple of 74?
False
Is 52136760 a multiple of 76?
True
Is 643 a factor of 57105473?
True
Does 53 divide 500285285?
True
Is 26 a factor of 8222080?
False
Does 584 divide 159517204?
False
Is 133100186 a multiple of 41?
True
Does 608 divide 702902720?
True
Is 1698 a factor of 167949180?
True
Is 548 a factor of 203910586?
False
Is 28 a factor of 34585376?
True
Does 128 divide 1727360?
True
Is 300015036 a multiple of 92?
True
Is 113 a factor of 32921420?
True
Is 9 a factor of 151397901?
True
Is 1274 a factor of 51351118?
True
Is 125 a factor of 115435783?
False
Is 2150438720 a multiple of 7180?
True
Is 54 a factor of 5417772914?
False
Is 56 a factor of 6765962?
False
Is 926873544 a multiple of 12?
True
Is 21931341 a multiple of 437?
False
Is 9316429 a multiple of 112?
False
Is 10 a factor of 1623749?
False
Does 65 divide 31408260?
True
Is 31 a factor of 68732054?
False
Does 67 divide 73429977?
False
Is 1037147898 a multiple of 1127?
False
Does 68 divide 45324720?
True
Is 2571 a factor of 4961185153?
False
Is 4203400 a multiple of 128?
False
Is 1744 a factor of 3706130800?
True
Is 2903962 a multiple of 148?
False
Does 239 divide 52037697?
False
Is 347962362 a multiple of 66?
True
Is 7906756 a multiple of 26?
True
Is 360 a factor of 278172758?
False
Does 262 divide 717911875?
False
Is 1097 a factor of 23755535?
True
Does 27 divide 6983962?
False
Is 758284953 a multiple of 87?
True
Does 18 divide 75992364?
True
Does 64 divide 476756096?
True
Does 543 divide 59029531?
False
Does 213 divide 88233546?
True
Is 2 a factor of 2413123?
False
Is 158 a factor of 266849202?
True
Is 124 a factor of 8958524?
False
Is 191 a factor of 2523964152?
True
Is 77 a factor of 1495941832?
True
Is 161 a factor of 448604920?
False
Is 85 a factor of 426594005?
True
Is 8 a